{"id":668,"date":"2022-05-23T19:47:07","date_gmt":"2022-05-23T17:47:07","guid":{"rendered":"https:\/\/icea-poland.wne.uw.edu.pl\/?page_id=668"},"modified":"2024-07-22T00:57:46","modified_gmt":"2024-07-21T22:57:46","slug":"organizers-2","status":"publish","type":"page","link":"https:\/\/icea-poland.wne.uw.edu.pl\/index.php\/organizers-2\/","title":{"rendered":"Organizers"},"content":{"rendered":"\n<p><strong>The International Centre for Economic Analysis (ICEA)<\/strong> is a non-profit, non-partisan organization dedicated to the advancement of research in economics and other social sciences. It is an international centre with chapters in Canada, at Wilfrid Laurier University in Waterloo, Ontario; in Poland, at the University of Warsaw and in Italy, at the University of Siena. The centre was called the Research Centre for Economic Analysis until August 2021.<\/p>\n\n\n\n<p>ICEA envisions to become a network of academics and policymakers who collaborate to apply cutting-edge theoretical and empirical research relevant to economic policy. The centre welcomes diverse views on how to realize this goal. ICEA sponsors high quality research linkages in both interdisciplinary and international dimensions. We encourage long-term affiliation with the centre, and we especially encourage participation of graduate students and new PhDs.<\/p>\n\n\n\n<p>To achieve these goals, ICEA organizes conferences, webinars and seminars at which leading economists, policymakers, industry practitioners, students, and other scholars can exchange and develop new insights and ideas. We are committed to the unrestricted exchange of research results and ideas, and our work is freely available online. Through outreach activities, we disseminate the results of our members\u2019 research to the decision makers and the general public.<\/p>\n\n\n\n<p>In the last few years we organized several conferences, with keynotes by Laurence M. Ball, Stephen G. Cecchetti, Janice Eberly, Jordi Gal\u00ed, Emi Nakamura, Ricardo Reis, H\u00e9l\u00e8ne Rey, James A. Robinson, John van Reenen and Frank Smets. We have also organized a series of online conferences under the \u201cAfter the Pandemic\u201d theme, with keynotes by Stefania Albanesi, David Autor, Laurence M. Ball, David Blanchflower, Nicholas Bloom, Markus K. Brunnermeier, Judith A. Chevalier, Yuriy Gorodnichenko, Wojciech Kopczuk, Stefanie Stantcheva and Alan Whiteside.<\/p>\n\n\n\n<p>Information about ICEA can be found at <a rel=\"noreferrer noopener\" href=\"https:\/\/iceanet.org\/\" target=\"_blank\">https:\/\/iceanet.org\/<\/a>.<\/p>\n\n\n\n<hr class=\"wp-block-separator is-style-dots\"\/>\n\n\n\n<h4>Sponsors<\/h4>\n\n\n\n<ul><li>University of Warsaw<\/li><li>Wilfrid Laurier University<\/li><li>Lazaridis School of Business and Economics<\/li><li>Review of Economic Analysis<\/li><\/ul>\n\n\n\n<h4>Scientific committee<\/h4>\n\n\n\n<ul id=\"block-b5632d93-ec4e-483c-af57-397b706eeeaf\"><li>Marcin Bielecki \u2013 co-chair (University of Warsaw, Poland)<\/li><li>Jerzy (Jurek) Konieczny \u2013 co-chair (Wilfrid Laurier University, Canada)<\/li><li>Elettra Agliardi (University of Bologna, Italy)<\/li><li>David Andolfatto (University of Miami, USA)<\/li><li>Thomas Barbiero (Toronto Metropolitan University, Canada (formerly Ryerson University))<\/li><li>Micha\u0142 Brzoza-Brzezina (SGH Warsaw School of Economics, Poland)<\/li><li>Andrzej Cie\u015blik (University of Warsaw, Poland)<\/li><li>Ciro Gennaro Corvese (University of Sienna, Italy)<\/li><li>Livio Di Matteo (Lakehead University, Canada)<\/li><li>Jakub Growiec (SGH Warsaw School of Economics, Poland)<\/li><li>Moshe Kim (University of Haifa, Israel)<\/li><li>Jan Jakub Micha\u0142ek (University of Warsaw, Poland)<\/li><li>Joanna Siwi\u0144ska (University of Warsaw, Poland)<\/li><li>Thanassis Stengos (University of Guelph, Canada)<\/li><li>Dimitrios Thomakos (National and Kapodistrian University of Athens, Greece)<\/li><li>Joanna Tyrowicz (University of Warsaw, Poland)<\/li><li>Grzegorz Weso\u0142owski (University of Warsaw, Poland)<\/li><li>Ege Yazgan (Istanbul Bilgi University, Turkey)<\/li><\/ul>\n\n\n\n<h4>Organising committee<\/h4>\n\n\n\n<ul id=\"block-750bc135-784c-4e22-93c9-8f05d0335635\"><li>Marcin Bielecki (University of Warsaw, Poland)<\/li><li>Dominika Huczek (University of Warsaw, Poland)<\/li><li>Daria Kabak (University of Warsaw, Poland)<\/li><\/ul>\n\n\n\n<p><\/p>\n","protected":false},"excerpt":{"rendered":"<p>The International Centre for Economic Analysis (ICEA) is a non-profit, non-partisan organization dedicated to the advancement of research in economics and other social sciences. It is an international centre with chapters in Canada, at Wilfrid Laurier University in Waterloo, Ontario; in Poland, at the University of Warsaw and in Italy, at the University of Siena. The centre was called the Research Centre for Economic Analysis [&hellip;]<\/p>\n","protected":false},"author":1,"featured_media":0,"parent":0,"menu_order":0,"comment_status":"closed","ping_status":"closed","template":"","meta":[],"_links":{"self":[{"href":"https:\/\/icea-poland.wne.uw.edu.pl\/index.php\/wp-json\/wp\/v2\/pages\/668"}],"collection":[{"href":"https:\/\/icea-poland.wne.uw.edu.pl\/index.php\/wp-json\/wp\/v2\/pages"}],"about":[{"href":"https:\/\/icea-poland.wne.uw.edu.pl\/index.php\/wp-json\/wp\/v2\/types\/page"}],"author":[{"embeddable":true,"href":"https:\/\/icea-poland.wne.uw.edu.pl\/index.php\/wp-json\/wp\/v2\/users\/1"}],"replies":[{"embeddable":true,"href":"https:\/\/icea-poland.wne.uw.edu.pl\/index.php\/wp-json\/wp\/v2\/comments?post=668"}],"version-history":[{"count":10,"href":"https:\/\/icea-poland.wne.uw.edu.pl\/index.php\/wp-json\/wp\/v2\/pages\/668\/revisions"}],"predecessor-version":[{"id":1220,"href":"https:\/\/icea-poland.wne.uw.edu.pl\/index.php\/wp-json\/wp\/v2\/pages\/668\/revisions\/1220"}],"wp:attachment":[{"href":"https:\/\/icea-poland.wne.uw.edu.pl\/index.php\/wp-json\/wp\/v2\/media?parent=668"}],"curies":[{"name":"wp","href":"https:\/\/api.w.org\/{rel}","templated":true}]}}